 s(c). Let k(j) = j + 12. What is the units digit of k(o)?
8
What is the units digit of 9/(-6)*(-12)/(-9)*-381?
2
What is the tens digit of (-3 - 944)*4/(3 - 7)?
4
Suppose -2*b + 3*f + 2*f + 163 = 0, 3*f = -3. Let q = 3 - b. Let z = -29 - q. What is the tens digit of z?
4
Let f(k) = 37*k**3 - 12*k**2 + 3*k - 7. Let d be f(3). What is the units digit of (-30)/135 - d/(-9)?
9
Let n(m) be the second derivative of -41*m**3/6 + 38*m. What is the units digit of n(-3)?
3
Suppose 5*n + 5*n = 310. What is the tens digit of n?
3
Let w be ((-169)/2)/((-5)/10). Suppose -g + 61 = -5*i, -g - w = -4*g + i. What is the tens digit of g?
5
Suppose 20*t - 315 = 17*t. What is the units digit of t?
5
Suppose -8*i = 329 - 2849. What is the hundreds digit of i?
3
Let q = 22 + -34. Let r = 6 - q. Suppose -v = -r - 41. What is the units digit of v?
9
Let r be (-3 - (1 + -2))*291/(-6). Let d = r - -51. What is the hundreds digit of d?
1
Suppose -9*h - 1752 = -12*h. What is the hundreds digit of h?
5
Let v be (-74)/(-2) - -4 - -1. Let q be (-2278)/(-14) + 12/v. Suppose 4*m - 49 = q. What is the units digit of m?
3
Let g(n) be the third derivative of n**5/12 - n**4/2 - 5*n**3/3 + 47*n**2. What is the units digit of g(6)?
8
What is the hundreds digit of (-4*(-4)/48)/((-11)/(-111243))?
3
Let r = -17 - -11. Let t be (r/(-4))/(21/1204). Suppose t - 26 = 3*v. What is the tens digit of v?
2
Let r = -243 - -1356. What is the hundreds digit of r?
1
Let h = 332 + -328. Let z be (-2)/9 - (-38)/9. Suppose -h*y - a = -40, a = z*y + 4*a - 40. What is the tens digit of y?
1
What is the hundreds digit of (10 + -2773)*10/(-15)?
8
Suppose -5*a - 25 = 3*s - 6*s, 0 = 5*a - 4*s + 30. Let j(z) = -z**3 - 9*z**2 - 16*z + 8. Let c be j(-6). What is the units digit of (2 + 48/c)/a?
5
Let u be ((-91)/(-14) + -4)/(1/4). Suppose 4*a = -3*p + 20, 0*p - 12 = -2*p - 4*a. Let h = u + p. What is the units digit of h?
8
Suppose 0 = -21*d + 31*d - 5650. What is the hundreds digit of d?
5
Let h = 742 + -28. What is the units digit of h?
4
Let t(k) = -k**2 - 6*k - 6. Let c be t(-3). Suppose 2*u + c*u - 33 = -2*i, 0 = 2*i - 5*u - 23. What is the tens digit of -1*i/3*-6?
2
Let a = 48 - 15. Suppose -a = -5*s + 22. What is the units digit of s?
1
Let g(h) = -h**3 + 6*h**2 - 6*h + 4. Let n = -16 + 18. Let f = 6 - n. What is the units digit of g(f)?
2
Let x = -18 - 1. Let i = -6 - x. What is the tens digit of i?
1
Suppose 2 = -5*v + 3*z, -3*v + z - 3*z = -14. Let j be 0 + (-3 - -7) - v. Suppose 0 = x + j - 45. What is the units digit of x?
3
Let m = 23 + -30. Let c be 4/28 + 1/m. Suppose c = -p + 59 - 13. What is the units digit of p?
6
Suppose -10*t + 5*t = -265. Let b = -43 - t. Let f = -64 - b. What is the units digit of f?
2
Let h = -537 + 1527. What is the tens digit of h?
9
Let n = -29 - -43. Let u(k) = k**3 - 3*k**2 - 2*k - 1. Let w be u(4). Let i = n - w. What is the units digit of i?
7
Let k = -13 + 20. Suppose -3*r + 5*g = -k*r + 122, 3*g = -3*r + 93. Suppose 3*c - 5*q + 0*q = r, 5*q = -2*c + 47. What is the tens digit of c?
1
Suppose -3*f + 21 = 4*y, 4*y - 1 = f + 8. Suppose -6*t + 3*t + 66 = -2*i, -i - f*t - 24 = 0. Let r = i + 51. What is the tens digit of r?
2
Let c be (-1 - 3)/(-1) - -58. Let j = c + 121. What is the tens digit of j?
8
Let y = -133 - -194. Let z = y - 0. What is the units digit of z?
1
Let j = -25 + 27. Suppose -14 = 2*k + 4*m, -j*m = -m + 2. What is the units digit of 4 + -6 - k*3?
7
Let s(o) be the third derivative of -o**6/20 - o**5/20 + o**4/4 + 3*o**3/2 + 13*o**2. What is the hundreds digit of s(-3)?
1
Suppose -7*a = -11*a - 992. Let q = -161 - a. What is the tens digit of q?
8
Suppose 10*x + 84*x = 106878. What is the tens digit of x?
3
Let t(x) = -4*x + 50. Let j be t(15). Let g(w) = -22*w - 53. What is the tens digit of g(j)?
6
Let y be 1/((-4)/(-100)) - 3. Let h = y + -12. What is the units digit of h?
0
Suppose 16727 - 3731 = 36*b. What is the hundreds digit of b?
3
Let s = 1181 + -975. What is the units digit of s?
6
Suppose -4*x = -i - 218 + 685, 0 = -x - 3. What is the units digit of i?
5
Suppose -2*r + 4*x + 1580 = 0, -3*r - x + 2364 = -4*x. What is the hundreds digit of r?
7
Let q = 2350 + -1279. What is the tens digit of q?
7
Let l be (2/(-3))/(4/60*-1). What is the tens digit of 8 + l - (2 - -1 - 1)?
1
Let y = 41 + -42. What is the units digit of 48/(-8)*(y + (0 - 7))?
8
Suppose -12*g + 15*g - a - 4282 = 0, 4*a = g - 1442. What is the thousands digit of g?
1
Let y(q) be the second derivative of 11*q**3/6 - 2*q. Let h be y(9). Let l = 160 - h. What is the units digit of l?
1
Let l be (-11)/(-2) + -1*2/4. Suppose -423 = -5*v - 2*g, -l*v + 122 = -2*g - 305. What is the tens digit of v?
8
Let d = 26 + -23. Suppose -b + d*i - i = -1, 3*b + i = 31. Let o = b + 43. What is the tens digit of o?
5
Let c(t) = -t**3 - 16*t**2 - 6*t - 32. What is the hundreds digit of c(-17)?
3
What is the hundreds digit of (221 - 3) + 36/(-6)?
2
Let t = 13 + -10. Let k be 22*3*2/t. Let d = k - 26. What is the units digit of d?
8
Suppose -17*k = -h - 19*k + 740, -3*h + 5*k + 2209 = 0. What is the hundreds digit of h?
7
Let f be ((-2)/((-12)/(-45)))/(3/(-4)). Let a(i) = 14*i - 23. What is the units digit of a(f)?
7
Suppose -2*f + 2*o = 6*o - 1462, 5*o = 4*f - 2950. What is the tens digit of f?
3
Let w(g) = -15*g + 1. Let b be w(-1). Let m be (-10)/3*(b - 19). Suppose m = s - 2. What is the tens digit of s?
1
Let z(h) = 2*h**2 - 26*h + 4. Let p be z(13). Suppose -b - 4*s + 1605 = p*b, 5*b = 2*s + 1635. What is the units digit of b?
5
Let s be 3/3*(1 - 0). Let j(p) = -3*p + 34. Let q(l) = l. Let w(i) = s*j(i) + 2*q(i). What is the tens digit of w(0)?
3
Let s(f) = -2*f - 8. Let y(w) be the first derivative of -w**3 - 2*w**2 - 3*w + 4. Let g be y(-2). What is the units digit of s(g)?
6
What is the tens digit of (64/(-4) - -7) + 890?
8
Let o = 5 + -18. Let c = 13 + o. Suppose c = u - 11 - 9. What is the tens digit of u?
2
Let w = 27 - 25. Suppose -5*b = -0*k + k - 44, -w*k + 33 = -b. What is the units digit of k?
9
Suppose -2300 - 2845 = -15*b. What is the tens digit of b?
4
Let z = -1462 - -2427. What is the hundreds digit of z?
9
Let q = 2333 - 1364. What is the tens digit of q?
6
Let c(x) = -5*x**3 + 26*x**3 - x**3. Suppose 9 = -3*g, -4*g + 0*g = -w + 13. What is the tens digit of c(w)?
2
What is the units digit of 9/(-15)*(-78)/12*10?
9
Suppose 5*c - 4138 = -4*i, 8*i - 5183 = 3*i - c. What is the tens digit of i?
3
Let j = 7045 - 3352. What is the units digit of j?
3
Let p be 81356/(-774) - (-2)/18. Suppose 3*q - 8*q - 235 = 0. Let s = q - p. What is the tens digit of s?
5
Suppose 0*j = -j + 94. Let i = -36 + j. Suppose p - 2*p = -2*a - i, -2*a - 6 = 0. What is the tens digit of p?
5
Suppose 4686 + 630 = 6*z. What is the tens digit of z?
8
Suppose 65 - 17 = -4*g. Let t = -9 - g. Suppose -4*k = -5*k + t*w, 2*k - 8 = 4*w. What is the tens digit of k?
1
Let d = -808 + 2678. What is the thousands digit of d?
1
Let t = -518 + 938. What is the units digit of t?
0
Suppose -3*z = 2*n + 22, -3*z + 36 = -8*z - 4*n. Let s(t) = t**3 + 15*t**2 + 20*t + 1. What is the tens digit of s(z)?
8
Let s = -10 + 18. Suppose -s*i = -9*i. Suppose 4*r + 106 = 3*g - 76, g + 2*r - 64 = i. What is the tens digit of g?
6
Let m(c) = -59*c + 9. Let v be m(-3). What is the hundreds digit of (4 - -2)*(-7)/((-63)/v)?
1
Let u(t) = 136*t + 171. What is the units digit of u(15)?
1
Let m(v) = 227*v**2 + 13*v + 5. What is the hundreds digit of m(-2)?
8
Let b(g) = -5*g. Let n = -14 - -23. Suppose 4*d + n + 3 = 0. What is the tens digit of b(d)?
1
Let n be -2*4/8 + -95. Let y = 68 + n. Let d = 50 + y. What is the tens digit of d?
2
Let a = -12 + 20. Let t(w) = 7 + w**3 - 6*w**2 + 1 + a*w - 2*w**3. What is the units digit of t(-7)?
1
Let d(g) = -g**2 - 20*g - 9. Let l be d(-21). What is the units digit of ((-16)/12)/(2/l)?
0
Suppose -4 = -8*q + 12*q. What is the tens digit of -4 - (226/(-2) - q)?
0
Suppose 0 = j + 4*j. Suppose 0 = 11*o + 9*o - 100. Suppose -5*g + g - 3*w + 92 = 0, j = -o*g - 4*w + 114. What is the units digit of g?
6
Suppose 3*b = 13 - 4. Suppose 16 = -4*n, -b*q + 3*n = 2*q - 52. What is the units digit of q?
8
Let i(n) = -n**3 - 5*n**2 + 10. Let j be i(-5). Let x be ((-2)/(-6))/(2/12). Suppose -2*t = x*l, t + l = 2